{"id":7,"date":"2020-07-18T22:32:04","date_gmt":"2020-07-18T22:32:04","guid":{"rendered":"http:\/\/adiar.com.ar\/?page_id=7"},"modified":"2020-07-27T12:03:41","modified_gmt":"2020-07-27T12:03:41","slug":"my-home-page","status":"publish","type":"page","link":"https:\/\/www.adiar.com.ar\/index.php\/my-home-page\/","title":{"rendered":"Portada"},"content":{"rendered":"<p><b>MISI\u00d3N DE ADIAr:<\/b><\/p>\n<p>&nbsp;<\/p>\n<p><span style=\"font-weight: 400;\">Desde el 2007, ADIAr se ha dedicado a desarrollar la investigaci\u00f3n y el estudio de los nuevos fen\u00f3menos jur\u00eddicos, con la participaci\u00f3n de especialistas tanto jur\u00eddicos como inform\u00e1ticos y de otras disciplinas.<\/span><\/p>\n<p>&nbsp;<\/p>\n<p><span style=\"font-weight: 400;\">Los socios de ADIAr se benefician con una amplia gama de servicios orientados a la actualizaci\u00f3n profesional, el intercambio de experiencias y a la formaci\u00f3n permanente que alcanza a toda la Argentina, mediante distintos tipos de cursos, seminarios, jornadas y congresos. Asimismo, tambi\u00e9n tienen la posibilidad de acceder a publicaciones, informaci\u00f3n y material multimedia de la biblioteca a disposici\u00f3n de los socios.<\/span><\/p>\n<p>&nbsp;<\/p>\n<p><span style=\"font-weight: 400;\">La Asociaci\u00f3n Argentina de Derecho Inform\u00e1tico participa de forma activa en distintos foros acad\u00e9micos nacionales e internacionales, as\u00ed como en el asesoramiento a gobiernos, o en la elaboraci\u00f3n de documentos de alto valor cient\u00edfico sobre las diversas problem\u00e1ticas vinculadas a las TICs, as\u00ed como al Derecho Inform\u00e1tico y las nuevas tecnolog\u00edas y sus efectos en la Sociedad de la Informaci\u00f3n.<\/span><\/p>\n","protected":false},"excerpt":{"rendered":"<p>MISI\u00d3N DE ADIAr: &nbsp; Desde el 2007, ADIAr se ha dedicado a desarrollar la investigaci\u00f3n y el estudio de los nuevos fen\u00f3menos jur\u00eddicos, con la participaci\u00f3n de especialistas tanto jur\u00eddicos como inform\u00e1ticos y de otras disciplinas. &nbsp; Los socios de ADIAr se benefician con una amplia gama de servicios orientados<span class=\"more-link\"><a href=\"https:\/\/www.adiar.com.ar\/index.php\/my-home-page\/\">Leer mas&#8230;<\/a><\/span><\/p>\n","protected":false},"author":1,"featured_media":0,"parent":0,"menu_order":0,"comment_status":"closed","ping_status":"closed","template":"","meta":{"_exactmetrics_skip_tracking":false,"_exactmetrics_sitenote_active":false,"_exactmetrics_sitenote_note":"","_exactmetrics_sitenote_category":0,"footnotes":""},"class_list":["entry","author-adiarorg","post-7","page","type-page","status-publish"],"_links":{"self":[{"href":"https:\/\/www.adiar.com.ar\/index.php\/wp-json\/wp\/v2\/pages\/7","targetHints":{"allow":["GET"]}}],"collection":[{"href":"https:\/\/www.adiar.com.ar\/index.php\/wp-json\/wp\/v2\/pages"}],"about":[{"href":"https:\/\/www.adiar.com.ar\/index.php\/wp-json\/wp\/v2\/types\/page"}],"author":[{"embeddable":true,"href":"https:\/\/www.adiar.com.ar\/index.php\/wp-json\/wp\/v2\/users\/1"}],"replies":[{"embeddable":true,"href":"https:\/\/www.adiar.com.ar\/index.php\/wp-json\/wp\/v2\/comments?post=7"}],"version-history":[{"count":6,"href":"https:\/\/www.adiar.com.ar\/index.php\/wp-json\/wp\/v2\/pages\/7\/revisions"}],"predecessor-version":[{"id":2353,"href":"https:\/\/www.adiar.com.ar\/index.php\/wp-json\/wp\/v2\/pages\/7\/revisions\/2353"}],"wp:attachment":[{"href":"https:\/\/www.adiar.com.ar\/index.php\/wp-json\/wp\/v2\/media?parent=7"}],"curies":[{"name":"wp","href":"https:\/\/api.w.org\/{rel}","templated":true}]}}