{"id":2195,"date":"2020-07-19T02:33:42","date_gmt":"2020-07-19T02:33:42","guid":{"rendered":"http:\/\/adiar.com.ar\/?page_id=2195"},"modified":"2022-12-02T21:21:59","modified_gmt":"2022-12-03T00:21:59","slug":"comision","status":"publish","type":"page","link":"https:\/\/www.adiar.com.ar\/index.php\/comision\/","title":{"rendered":"Comisi\u00f3n Directiva"},"content":{"rendered":"<p><strong>COMISI\u00d3N DIRECTIVA EN FUNCIONES DESDE 1\/7\/2020<\/strong><\/p>\n<p>Presidente: Abog. Especialista, y Prof. Carlos Dionisio Aguirre. (C\u00f3rdoba)<\/p>\n<p>Vicepresidente: Abog. Ismael Lofeudo (Buenos Aires)<\/p>\n<p>Vicepresidente Segunda: Abog. M\u00e1ster B\u00e1rbara Virginia Pe\u00f1aloza. (Mendoza)<\/p>\n<p>Secretaria: Abog. Ana Lambrecht. (R\u00edo Negro)<\/p>\n<p>Vocales: Abog. Ver\u00f3nica Noem\u00ed L\u00f3pez Uriburu (Formosa)<br \/>\nAbog. Mariano Dominguez (San Juan)<br \/>\nAbog. Jos\u00e9 Ar\u00e1oz Fleming (Salta)<\/p>\n<p>&nbsp;<\/p>\n<p><strong>COMISI\u00d3N DIRECTIVA EN FUNCIONES DESDE 2017 AL 31 DE JUNIO DE 2020:<\/strong><\/p>\n<p>Autoridades:<\/p>\n<p>Presidente: Guillermo M. Zamora<\/p>\n<p>Vicepresidente 1\u00ba: Carlos Aguirre<\/p>\n<p>Vicepresidente 2\u00ba: Noemi Olivera<\/p>\n<p>Secretario: Juan Ignacio Aime<\/p>\n<p>Prosecretario: Jos\u00e9 Mar\u00eda Lezcano<\/p>\n<p>Tesorero: Ernesto Liceda<\/p>\n<p>Vocales Titulares: Corina Iuale; Ismael Lofeudo; Marcelo Temperini<\/p>\n<p>Vocales Suplentes: Matias Mauro; Gonzalo Ferrera; Graciela Caminos<\/p>\n<p>Comisi\u00f3n Revisora de Cuentas: Natalia Lipskier<\/p>\n<p>Suplente: Jos\u00e9 Francisco Arce<\/p>\n<p>&nbsp;<\/p>\n<p><strong>SOCIOS FUNDADORES<\/strong><\/p>\n<p>PRESIDENTE: Horacio Martin Fernandez Delpech<\/p>\n<p>VICEPRESIDENTE 1: Carlos Dionisio Aguirre<\/p>\n<p>VICEPRESIDENTE 2: Guillermo Manuel Zamora<\/p>\n<p>SECRETARIO: Flavio Oscar Varennes<\/p>\n<p>PROSECRETARIO: Analia Liliana Pegoraro<\/p>\n<p>TESORERO: Cynthia Lorena Savino<\/p>\n<p>1\u00ba VOCAL TITULAR: Noemi\u00a0 Luj\u00e1n Olivera<\/p>\n<p>2\u00ba VOCAL TITULAR:\u00a0 Gonzalo Hector Ferreras<\/p>\n<p>3\u00ba VOCAL TITULAR: Matias Leandro Mauro<\/p>\n<p>1\u00ba VOCAL SUPLENTE: Humberto Carrasco Blanc<\/p>\n<p>2\u00ba VOCAL SUPLENTE:Agustin Bastanchuri<\/p>\n<p>3\u00ba VOCAL SUPLENTE: Maria Laura Tullio<\/p>\n<p>REVISOR DE CUENTAS TITULAR: Nicolas Luis Ribero<\/p>\n<p>REVISOR DE CUENTAS SUPLENTE: Natalia\u00a0 Celina Lipskier<\/p>\n","protected":false},"excerpt":{"rendered":"<p>COMISI\u00d3N DIRECTIVA EN FUNCIONES DESDE 1\/7\/2020 Presidente: Abog. Especialista, y Prof. Carlos Dionisio Aguirre. (C\u00f3rdoba) Vicepresidente: Abog. Ismael Lofeudo (Buenos Aires) Vicepresidente Segunda: Abog. M\u00e1ster B\u00e1rbara Virginia Pe\u00f1aloza. (Mendoza) Secretaria: Abog. Ana Lambrecht. (R\u00edo Negro) Vocales: Abog. Ver\u00f3nica Noem\u00ed L\u00f3pez Uriburu (Formosa) Abog. Mariano Dominguez (San Juan) Abog. Jos\u00e9 Ar\u00e1oz<span class=\"more-link\"><a href=\"https:\/\/www.adiar.com.ar\/index.php\/comision\/\">Leer mas&#8230;<\/a><\/span><\/p>\n","protected":false},"author":1,"featured_media":0,"parent":0,"menu_order":0,"comment_status":"closed","ping_status":"closed","template":"","meta":{"_exactmetrics_skip_tracking":false,"_exactmetrics_sitenote_active":false,"_exactmetrics_sitenote_note":"","_exactmetrics_sitenote_category":0,"footnotes":""},"class_list":["entry","author-adiarorg","post-2195","page","type-page","status-publish"],"_links":{"self":[{"href":"https:\/\/www.adiar.com.ar\/index.php\/wp-json\/wp\/v2\/pages\/2195","targetHints":{"allow":["GET"]}}],"collection":[{"href":"https:\/\/www.adiar.com.ar\/index.php\/wp-json\/wp\/v2\/pages"}],"about":[{"href":"https:\/\/www.adiar.com.ar\/index.php\/wp-json\/wp\/v2\/types\/page"}],"author":[{"embeddable":true,"href":"https:\/\/www.adiar.com.ar\/index.php\/wp-json\/wp\/v2\/users\/1"}],"replies":[{"embeddable":true,"href":"https:\/\/www.adiar.com.ar\/index.php\/wp-json\/wp\/v2\/comments?post=2195"}],"version-history":[{"count":7,"href":"https:\/\/www.adiar.com.ar\/index.php\/wp-json\/wp\/v2\/pages\/2195\/revisions"}],"predecessor-version":[{"id":2675,"href":"https:\/\/www.adiar.com.ar\/index.php\/wp-json\/wp\/v2\/pages\/2195\/revisions\/2675"}],"wp:attachment":[{"href":"https:\/\/www.adiar.com.ar\/index.php\/wp-json\/wp\/v2\/media?parent=2195"}],"curies":[{"name":"wp","href":"https:\/\/api.w.org\/{rel}","templated":true}]}}

Comisión Directiva

<p><strong>COMISIÓN DIRECTIVA EN FUNCIONES DESDE 1/7/2020</strong></p>
<p>Presidente: Abog. Especialista, y Prof. Carlos Dionisio Aguirre. (Córdoba)</p>
<p>Vicepresidente: Abog. Ismael Lofeudo (Buenos Aires)</p>
<p>Vicepresidente Segunda: Abog. Máster Bárbara Virginia Peñaloza. (Mendoza)</p>
<p>Secretaria: Abog. Ana Lambrecht. (Río Negro)</p>
<p>Vocales: Abog. Verónica Noemí López Uriburu (Formosa)<br />
Abog. Mariano Dominguez (San Juan)<br />
Abog. José Aráoz Fleming (Salta)</p>
<p>&nbsp;</p>
<p><strong>COMISIÓN DIRECTIVA EN FUNCIONES DESDE 2017 AL 31 DE JUNIO DE 2020:</strong></p>
<p>Autoridades:</p>
<p>Presidente: Guillermo M. Zamora</p>
<p>Vicepresidente 1º: Carlos Aguirre</p>
<p>Vicepresidente 2º: Noemi Olivera</p>
<p>Secretario: Juan Ignacio Aime</p>
<p>Prosecretario: José María Lezcano</p>
<p>Tesorero: Ernesto Liceda</p>
<p>Vocales Titulares: Corina Iuale; Ismael Lofeudo; Marcelo Temperini</p>
<p>Vocales Suplentes: Matias Mauro; Gonzalo Ferrera; Graciela Caminos</p>
<p>Comisión Revisora de Cuentas: Natalia Lipskier</p>
<p>Suplente: José Francisco Arce</p>
<p>&nbsp;</p>
<p><strong>SOCIOS FUNDADORES</strong></p>
<p>PRESIDENTE: Horacio Martin Fernandez Delpech</p>
<p>VICEPRESIDENTE 1: Carlos Dionisio Aguirre</p>
<p>VICEPRESIDENTE 2: Guillermo Manuel Zamora</p>
<p>SECRETARIO: Flavio Oscar Varennes</p>
<p>PROSECRETARIO: Analia Liliana Pegoraro</p>
<p>TESORERO: Cynthia Lorena Savino</p>
<p>1º VOCAL TITULAR: Noemi  Luján Olivera</p>
<p>2º VOCAL TITULAR:  Gonzalo Hector Ferreras</p>
<p>3º VOCAL TITULAR: Matias Leandro Mauro</p>
<p>1º VOCAL SUPLENTE: Humberto Carrasco Blanc</p>
<p>2º VOCAL SUPLENTE:Agustin Bastanchuri</p>
<p>3º VOCAL SUPLENTE: Maria Laura Tullio</p>
<p>REVISOR DE CUENTAS TITULAR: Nicolas Luis Ribero</p>
<p>REVISOR DE CUENTAS SUPLENTE: Natalia  Celina Lipskier</p>

<p>COMISIÓN DIRECTIVA EN FUNCIONES DESDE 1/7/2020 Presidente: Abog. Especialista, y Prof. Carlos Dionisio Aguirre. (Córdoba) Vicepresidente: Abog. Ismael Lofeudo (Buenos Aires) Vicepresidente Segunda: Abog. Máster Bárbara Virginia Peñaloza. (Mendoza) Secretaria: Abog. Ana Lambrecht. (Río Negro) Vocales: Abog. Verónica Noemí López Uriburu (Formosa) Abog. Mariano Dominguez (San Juan) Abog. José Aráoz<span class="more-link"><a href="https://www.adiar.com.ar/index.php/comision/">Leer mas&#8230;</a></span></p>
